is the thousands digit of 189664198?
4
What is the hundred millions digit of 3814254162?
8
What is the hundred thousands digit of 2265987496?
9
What is the hundred thousands digit of 3062670536?
6
What is the tens digit of 729710443?
4
What is the hundred thousands digit of 1992197382?
1
What is the hundred thousands digit of 8944799?
9
What is the ten thousands digit of 2259298249?
9
What is the hundred thousands digit of 227396432?
3
What is the hundred millions digit of 188704694?
1
What is the ten millions digit of 49738296?
4
What is the ten millions digit of 33980611?
3
What is the hundreds digit of 351028300?
3
What is the ten thousands digit of 94362240?
6
What is the tens digit of 68170087?
8
What is the units digit of 44277655?
5
What is the units digit of 313701537?
7
What is the ten millions digit of 1105569338?
0
What is the units digit of 324815869?
9
What is the ten millions digit of 826746165?
2
What is the thousands digit of 27300796?
0
What is the billions digit of 3621152051?
3
What is the hundred thousands digit of 35883694?
8
What is the tens digit of 60293377?
7
What is the hundred thousands digit of 3058707949?
7
What is the millions digit of 19161881?
9
What is the ten thousands digit of 39305530?
0
What is the ten millions digit of 73976520?
7
What is the hundreds digit of 241517875?
8
What is the ten thousands digit of 7484011?
8
What is the units digit of 5880131?
1
What is the ten millions digit of 315489886?
1
What is the hundred millions digit of 2496998352?
4
What is the tens digit of 1900727531?
3
What is the hundreds digit of 125602176?
1
What is the ten thousands digit of 176219466?
1
What is the hundreds digit of 124710089?
0
What is the units digit of 1466189351?
1
What is the millions digit of 150095031?
0
What is the hundred thousands digit of 1380220605?
2
What is the hundreds digit of 1156076419?
4
What is the hundred thousands digit of 45511270?
5
What is the hundred thousands digit of 50336761?
3
What is the hundred millions digit of 1287092724?
2
What is the units digit of 124146613?
3
What is the units digit of 12948629?
9
What is the ten millions digit of 573103035?
7
What is the millions digit of 113268523?
3
What is the thousands digit of 3110523246?
3
What is the units digit of 739081652?
2
What is the millions digit of 56923785?
6
What is the hundred thousands digit of 1426925292?
9
What is the millions digit of 40239067?
0
What is the units digit of 157939418?
8
What is the millions digit of 217825743?
7
What is the units digit of 157349287?
7
What is the tens digit of 329765811?
1
What is the tens digit of 161473803?
0
What is the ten millions digit of 1002982848?
0
What is the units digit of 37941857?
7
What is the hundred thousands digit of 616842815?
8
What is the hundreds digit of 1489480675?
6
What is the millions digit of 883190493?
3
What is the tens digit of 1280510300?
0
What is the ten thousands digit of 100025210?
2
What is the hundred millions digit of 671360262?
6
What is the tens digit of 40941864?
6
What is the units digit of 75756266?
6
What is the billions digit of 1694897053?
1
What is the hundred thousands digit of 201314680?
3
What is the tens digit of 4350548232?
3
What is the hundreds digit of 11348084?
0
What is the ten millions digit of 90122634?
9
What is the units digit of 50533627?
7
What is the units digit of 2688253358?
8
What is the ten millions digit of 477873801?
7
What is the millions digit of 102233466?
2
What is the units digit of 51084539?
9
What is the ten millions digit of 2483308662?
8
What is the ten millions digit of 11245750?
1
What is the units digit of 27270636?
6
What is the ten millions digit of 4502759394?
0
What is the hundred thousands digit of 12540369?
5
What is the thousands digit of 62498631?
8
What is the hundreds digit of 36723919?
9
What is the hundreds digit of 6278583546?
5
What is the units digit of 1216752275?
5
What is the hundred thousands digit of 942526794?
5
What is the thousands digit of 31672762?
2
What is the ten thousands digit of 73098790?
9
What is the hundred thousands digit of 2977143204?
1
What is the hundred millions digit of 630992711?
6
What is the ten millions digit of 881782687?
8
What is the hundred millions digit of 225770521?
2
What is the ten thousands digit of 63594395?
9
What is the units digit of 2910721272?
2
What is the ten millions digit of 777347190?
7
What is the millions digit of 385260768?
5
What is the thousands digit of 2064966162?
6
What is the hundreds digit of 2301052514?
5
What is the hundreds digit of 947369840?
8
What is the tens digit of 351423385?
8
What is the thousands digit of 275593056?
3
What is the ten thousands digit of 7481679?
8
What is the hundred millions digit of 154672274?
1
What is the tens digit of 163088990?
9
What is the hundreds digit of 167721875?
8
What is the hundreds digit of 38192202?
2
What is the thousands digit of 1330434506?
4
What is the hundreds digit of 122599077?
0
What is the tens digit of 73240371?
7
What is the thousands digit of 746887669?
7
What is the ten thousands digit of 284478053?
7
What is the hundred millions digit of 552397591?
5
What is the hundreds digit of 135033950?
9
What is the hundred millions digit of 1471447239?
4
What is the thousands digit of 298602466?
2
What is the ten millions digit of 6461310576?
6
What is the ten millions digit of 10813141?
1
What is the ten thousands digit of 6129755?
2
What is the ten millions digit of 339232969?
3
What is the thousands digit of 3922911790?
1
What is the units digit of 2125328996?
6
What is the tens digit of 247187593?
9
What is the hundred millions digit of 1645658620?
6
What is the hundreds digit of 355748645?
6
What is the ten millions digit of 3642991347?
4
What is the ten millions digit of 206242029?
0
What is the units digit of 292404904?
4
What is the hundred thousands digit of 1710501420?
5
What is the units digit of 34467478?
8
What is the billions digit of 1627082070?
1
What is the ten thousands digit of 3053790787?
9
What is the ten millions digit of 1522446713?
2
What is the tens digit of 30127104?
0
What is the billions digit of 2483781785?
2
What is the hundred millions digit of 388541090?
3
What is the ten millions digit of 758552755?
5
What is the millions digit of 205431750?
5
What is the tens digit of 73088444?
4
What is the hundred millions digit of 606485192?
6
What is the hundreds digit of 33879064?
0
What is the ten millions digit of 396951099?
9
What is the millions digit of 69634362?
9
What is the ten thousands digit of 53444480?
4
What is the thousands digit of 392662058?
2
What is the ten thousands digit of 128420131?
2
What is the tens digit of 1499085786?
8
What is the units digit of 188494109?
9
What is the millions digit of 76200169?
6
What is the hundred millions digit of 294128039?
2
What is the ten thousands digit of 530459289?
5
What is the hundreds digit of 888977446?
4
What is the thousands digit of 5137361568?
1
What is the hundred thousands digit of 158317868?
3
What is the hundred thousands digit of 2844853605?
8
What is the hundreds digit of 322386214?
2
What is the millions digit of 14441255?
4
What is the thousands digit of 23368883?
8
What is the tens digit of 850537951?
5
What is the units digit of 7048474839?
9
What is the units digit of 233126150?
0
What is the tens digit of 1430588858?
5
What is the hundreds digit of 4111795?
7
What is the ten thousands digit of 127193341?
9
What is the ten thousands digit of 45043797?
4
What is the units digit of 43668507?
7
What is the units digit of 90535998?
8
What is the hundreds digit of 87370862?
8
What is the ten thousands digit of 560357521?
5
What is the millions digit of 129324595?
9
What is the units digit of 12844205?
5
What is the hundred thousands digit of 82775716?
7
What is the units digit of 3511719031?
1
What is the ten millions digit of 33185590?
3
What is the millions digit of 144389698?
4
What is the hundreds digit of 38346236?
2
What is the thousands digit of 2778774617?
4
What is the tens digit of 50606147?
4
What is the ten thousands digit of 197475262?
7
What is the tens digit of 27140559?
5
What is the millions digit of 9897017?
9
What is the hundred thousands digit of 43310026?
3
What i